{"id":5061,"date":"2023-01-13T11:16:30","date_gmt":"2023-01-13T10:16:30","guid":{"rendered":"https:\/\/burckhardt.swiss\/das-neue-burckhardt\/"},"modified":"2023-03-09T12:19:57","modified_gmt":"2023-03-09T11:19:57","slug":"das-neue-burckhardt","status":"publish","type":"page","link":"https:\/\/burckhardt.swiss\/fr\/das-neue-burckhardt\/","title":{"rendered":"Burckhardt, nouvelle version"},"content":{"rendered":"\n<div class=\"wp-block-group alignfull has-secondary-background-color has-background is-layout-constrained wp-container-core-group-is-layout-1 wp-block-group-is-layout-constrained\">\n<h1 class=\"has-text-align-center has-giant-font-size wp-block-heading\">nouvelle version <br\/>Burckhardt<\/h1>\n\n\n\n<p class=\"has-big-font-size\">Nous avons une longue histoire derri\u00e8re nous. En nous d\u00e9veloppant constamment, nous sommes \u00e0 la hauteur de notre ambition de fa\u00e7onner l&#8217;avenir. Avec un nouveau nom et un nouveau design, nous envoyons d\u00e9sormais un signal fort.   <\/p>\n<\/div>\n\n<div class=\"wp-block-group is-layout-constrained wp-block-group-is-layout-constrained\">\n<h2 class=\"has-text-align-center wp-block-heading\">Notre nouveau nom<\/h2>\n\n\n\n<h3 class=\"is-style-separator has-huge-font-size wp-block-heading\">Simple, clair, concis<\/h3>\n\n\n\n<div class=\"wp-block-columns is-layout-flex wp-container-core-columns-is-layout-1 wp-block-columns-is-layout-flex\">\n<div class=\"wp-block-column is-layout-flow wp-block-column-is-layout-flow\">\n<p>Le nom de Burckhardt renvoie \u00e0 l\u2019origine de notre entreprise. L\u2019histoire de cette famille remonte  <br\/>au XVe si\u00e8cle. En 1951, nous avons fond\u00e9 notre bureau d\u2019architecture sous le nom de Burckhardt Architekten SIA. Le changement de d\u00e9nomination en Burckhardt+Partner suivra en 1973. Exactement 50 ans plus tard, nous prenons la d\u00e9cision de nous appeler d\u00e9sormais Burckhardt.    <\/p>\n<\/div>\n\n\n\n<div class=\"wp-block-column is-layout-flow wp-block-column-is-layout-flow\">\n<p>Notre nouveau nom est pleinement ax\u00e9 sur Burckhardt. Avec seulement deux syllabes, il est court et concis, son orthographe avec ck et dt le rend tr\u00e8s particulier. Avec cette simplicit\u00e9 et cette sp\u00e9cificit\u00e9, nous portons l\u2019esprit de notre entreprise vers l\u2019avenir et continuons d\u2019\u00e9crire notre histoire riche en traditions.    <\/p>\n<\/div>\n<\/div>\n\n\n\n<p><\/p>\n\n\n\n<p><\/p>\n<\/div>\n\n<div class=\"wp-block-group alignfull has-secondary-background-color has-background is-layout-constrained wp-block-group-is-layout-constrained\">\n<h2 class=\"has-text-align-center wp-block-heading\">Notre nouveau logo<\/h2>\n\n\n\n<div class=\"wp-block-columns are-vertically-aligned-center is-layout-flex wp-container-core-columns-is-layout-2 wp-block-columns-is-layout-flex\">\n<div class=\"wp-block-column is-vertically-aligned-center is-layout-flow wp-block-column-is-layout-flow\">\n<figure class=\"wp-block-image size-full\"><img loading=\"lazy\" decoding=\"async\" width=\"490\" height=\"91\" src=\"https:\/\/burckhardt.swiss\/app\/uploads\/2023\/01\/BP_colour_rgb-horizontal-1.png\" alt=\"\" class=\"wp-image-752\" srcset=\"https:\/\/burckhardt.swiss\/app\/uploads\/2023\/01\/BP_colour_rgb-horizontal-1.png 490w, https:\/\/burckhardt.swiss\/app\/uploads\/2023\/01\/BP_colour_rgb-horizontal-1-300x56.png 300w\" sizes=\"auto, (max-width: 490px) 100vw, 490px\" \/><\/figure>\n<\/div>\n\n\n\n<div class=\"wp-block-column is-vertically-aligned-center is-layout-flow wp-block-column-is-layout-flow\" style=\"flex-basis:100px\">\n<figure class=\"wp-block-image aligncenter size-full\"><img decoding=\"async\" src=\"https:\/\/burckhardt.swiss\/app\/uploads\/2023\/01\/&#x2192;.png\" alt=\"\" class=\"wp-image-756\"\/><\/figure>\n<\/div>\n\n\n\n<div class=\"wp-block-column is-vertically-aligned-center is-layout-flow wp-block-column-is-layout-flow\">\n<figure class=\"wp-block-image aligncenter size-full\"><img loading=\"lazy\" decoding=\"async\" width=\"258\" height=\"166\" src=\"https:\/\/burckhardt.swiss\/app\/uploads\/2023\/01\/Logo.png\" alt=\"\" class=\"wp-image-759\"\/><\/figure>\n<\/div>\n<\/div>\n\n\n\n<p>Nous proposons une certaine orientation, c\u2019est le sens m\u00eame de notre prestation. En tant qu\u2019architectes, nous aimons r\u00e9duire \u00e0 l\u2019essentiel. C\u2019est aussi dans cet esprit que nous avons adapt\u00e9 notre identit\u00e9 visuelle. Notre nouveau logo inscrit notre nom de fa\u00e7on claire et concise, comme un tampon au milieu d\u2019une feuille.     <\/p>\n<\/div>\n\n<div class=\"wp-block-group is-layout-constrained wp-block-group-is-layout-constrained\">\n<h2 class=\"has-text-align-center wp-block-heading\" style=\"font-weight:100\">L\u2019identit\u00e9 visuelle<\/h2>\n\n\n\n<figure class=\"wp-block-image alignwide size-large\"><img loading=\"lazy\" decoding=\"async\" width=\"1024\" height=\"652\" src=\"https:\/\/burckhardt.swiss\/app\/uploads\/2023\/01\/Burckhardt_Corporate-Design_Elements-min-1024x652.jpg\" alt=\"\" class=\"wp-image-1621\" srcset=\"https:\/\/burckhardt.swiss\/app\/uploads\/2023\/01\/Burckhardt_Corporate-Design_Elements-min-1024x652.jpg 1024w, https:\/\/burckhardt.swiss\/app\/uploads\/2023\/01\/Burckhardt_Corporate-Design_Elements-min-300x191.jpg 300w, https:\/\/burckhardt.swiss\/app\/uploads\/2023\/01\/Burckhardt_Corporate-Design_Elements-min-600x382.jpg 600w, https:\/\/burckhardt.swiss\/app\/uploads\/2023\/01\/Burckhardt_Corporate-Design_Elements-min-500x318.jpg 500w, https:\/\/burckhardt.swiss\/app\/uploads\/2023\/01\/Burckhardt_Corporate-Design_Elements-min-1000x636.jpg 1000w, https:\/\/burckhardt.swiss\/app\/uploads\/2023\/01\/Burckhardt_Corporate-Design_Elements-min-700x445.jpg 700w, https:\/\/burckhardt.swiss\/app\/uploads\/2023\/01\/Burckhardt_Corporate-Design_Elements-min-1400x891.jpg 1400w, https:\/\/burckhardt.swiss\/app\/uploads\/2023\/01\/Burckhardt_Corporate-Design_Elements-min.jpg 1600w\" sizes=\"auto, (max-width: 1024px) 100vw, 1024px\" \/><\/figure>\n<\/div>\n\n<div class=\"wp-block-group alignfull has-secondary-background-color has-background is-layout-constrained wp-container-core-group-is-layout-6 wp-block-group-is-layout-constrained\">\n<h2 class=\"is-style-separator has-huge-font-size wp-block-heading\">Trois questions sur la nouvelle marque<\/h2>\n\n\n\n<figure class=\"wp-block-gallery aligncenter has-nested-images columns-default wp-block-gallery-1 is-layout-flex wp-block-gallery-is-layout-flex\">\n<figure class=\"wp-block-image size-large\"><img loading=\"lazy\" decoding=\"async\" width=\"2403\" height=\"1352\" src=\"https:\/\/burckhardt.swiss\/app\/uploads\/2023\/01\/MG_6900-edited.jpg\" alt=\"\" class=\"wp-image-1618\" srcset=\"https:\/\/burckhardt.swiss\/app\/uploads\/2023\/01\/MG_6900-edited.jpg 2403w, https:\/\/burckhardt.swiss\/app\/uploads\/2023\/01\/MG_6900-edited-300x169.jpg 300w, https:\/\/burckhardt.swiss\/app\/uploads\/2023\/01\/MG_6900-edited-1024x576.jpg 1024w, https:\/\/burckhardt.swiss\/app\/uploads\/2023\/01\/MG_6900-edited-600x338.jpg 600w, https:\/\/burckhardt.swiss\/app\/uploads\/2023\/01\/MG_6900-edited-1200x675.jpg 1200w, https:\/\/burckhardt.swiss\/app\/uploads\/2023\/01\/MG_6900-edited-500x281.jpg 500w, https:\/\/burckhardt.swiss\/app\/uploads\/2023\/01\/MG_6900-edited-1000x563.jpg 1000w, https:\/\/burckhardt.swiss\/app\/uploads\/2023\/01\/MG_6900-edited-700x394.jpg 700w, https:\/\/burckhardt.swiss\/app\/uploads\/2023\/01\/MG_6900-edited-1400x788.jpg 1400w, https:\/\/burckhardt.swiss\/app\/uploads\/2023\/01\/MG_6900-edited-2000x1125.jpg 2000w\" sizes=\"auto, (max-width: 2403px) 100vw, 2403px\" \/><\/figure>\n<\/figure>\n\n\n\n<div class=\"wp-block-group is-layout-constrained wp-container-core-group-is-layout-5 wp-block-group-is-layout-constrained\">\n<p>Un rebranding qui permet de s\u2019interroger sur les grandes questions d\u2019avenir. Wolfgang Hardt et Samuel Schultze, co-CEO de Burckhardt, se les sont pos\u00e9es.<\/p>\n\n\n\n<h3 class=\"wp-block-heading\" style=\"font-weight:100\">Nouveau nom, nouveau design: qu\u2019est-ce que cela vous fait??<\/h3>\n\n\n\n<p>Ce que le nouveau nom a de bien, c\u2019est qu\u2019il d\u00e9signe d\u00e9sormais toutes nos entreprises. Mais de fa\u00e7on plus simple, plus claire et plus concise. Il en va de m\u00eame pour le nouveau design: le nom est devenu un signe fort, plein d\u2019assurance et de caract\u00e8re, frappant. Ces deux \u00e9l\u00e9ments, le nouveau nom et le nouveau design, nous rapprochent au sein du groupe et y renforcent l\u2019id\u00e9e que nous formons une m\u00eame \u00e9quipe. Nous adorons! <\/p>\n\n\n\n<h3 class=\"has-monospace-font-family has-big-font-size wp-block-heading\" style=\"font-weight:100\">Quels sont aujourd\u2019hui les plus grands d\u00e9fis dans le monde de l\u2019architecture et de la construction?<\/h3>\n\n\n\n<p>La durabilit\u00e9! Construire selon ce principe exige une utilisation cibl\u00e9e et rigoureuse des ressources disponibles. L\u2019utilisation d\u2019\u00e9nergie doit \u00eatre enti\u00e8rement repens\u00e9e en vue de sa r\u00e9duction. Une architecture durable signifie qu\u2019un b\u00e2timent remplira sa fonction sur plusieurs g\u00e9n\u00e9rations et pourra \u00eatre adapt\u00e9 aux exigences futures. Une t\u00e2che immense qui exige beaucoup de nous dans tous les domaines.<\/p>\n\n\n\n<h3 class=\"wp-block-heading\" style=\"font-weight:100\">Comment \u00e9volue Burckhardt pour s\u2019adapter \u00e0 ce nouveau monde?<\/h3>\n\n\n\n<p>Pour aborder le th\u00e8me hautement complexe de la durabilit\u00e9 dans la construction, il faut que tous les membres de l\u2019\u00e9quipe soient vifs, curieux et ouverts au changement. Nous ne nous consid\u00e9rons pas seulement comme une entit\u00e9 forte de plus de 70 ans d\u2019histoire, mais comme une entreprise qui \u00e9volue en permanence. Nous voyons la num\u00e9risation comme une opportunit\u00e9 et sommes toujours pr\u00eats pour l\u2019avenir. Selon notre vision, chaque construction est utile \u00e0 la soci\u00e9t\u00e9 et renforce la coh\u00e9sion sociale. Nous ne pouvons y parvenir qu\u2019en prenant l\u2019enjeu de la durabilit\u00e9 tr\u00e8s au s\u00e9rieux. Et c\u2019est ce que nous faisons.<\/p>\n\n\n\n<h3 class=\"wp-block-heading\" style=\"font-weight:100\"><\/h3>\n<\/div>\n<\/div>\n\n<div class=\"wp-block-group is-layout-constrained wp-block-group-is-layout-constrained\"><div\n  id=\"block_3f0604c3d98247d29cc4ac68c1ec0ac9\"\n  data-block_3f0604c3d98247d29cc4ac68c1ec0ac9\n  class=\"o-flex o-flex--wrap c-block-contacts contacts align\"\n>\n            <div class=\"o-flex__item u-1\/2@tablet c-block-contacts__text\">\n        <div>\n          <h3>Contactez nous!<\/h3>\n          <a\n            role=\"button\"\n            href=\"mailto:stephanie.koehler@burckhardt.swiss\"\n          >\n            Prenez contact\n          <\/a>\n        <\/div>\n      <\/div>\n    \n    <div class=\"o-flex__item u-1\/2@tablet\">\n      <record-explorer\n        endpoint='employees'\n        fields='title,acf,link,type,id,_links,_embedded'\n        :include='[163]'\n        :labels='{\"name\":\"collaboratrices et collaborateurs\",\"singular_name\":\"Employee\",\"add_new\":\"Add New\",\"add_new_item\":\"Add New Employee\",\"edit_item\":\"Edit Employee\",\"new_item\":\"New Employee\",\"view_item\":\"View Employee\",\"view_items\":\"View Employees\",\"search_items\":\"Search Employees\",\"not_found\":\"No employees found.\",\"not_found_in_trash\":\"No employees found in trash.\",\"parent_item_colon\":\"Parent Employee:\",\"all_items\":\"All Employees\",\"archives\":\"Employee Archives\",\"attributes\":\"Employee Attributes\",\"insert_into_item\":\"Insert into employee\",\"uploaded_to_this_item\":\"Uploaded to this employee\",\"featured_image\":\"Featured image\",\"set_featured_image\":\"Set featured image\",\"remove_featured_image\":\"Remove featured image\",\"use_featured_image\":\"Use as featured image\",\"filter_items_list\":\"Filter employees list\",\"filter_by_date\":\"Filter by date\",\"items_list_navigation\":\"Employees list navigation\",\"items_list\":\"Employees list\",\"item_published\":\"Employee published.\",\"item_published_privately\":\"Employee published privately.\",\"item_reverted_to_draft\":\"Employee reverted to draft.\",\"item_trashed\":\"Post trashed.\",\"item_scheduled\":\"Employee scheduled.\",\"item_updated\":\"Employee updated.\",\"item_link\":\"Post Link\",\"item_link_description\":\"A link to a post.\",\"menu_name\":\"collaboratrices et collaborateurs\",\"name_admin_bar\":\"Employee\",\"template_name\":\"Single item: Employee\"}'\n        :show-filters='false'\n      >\n        <template #record=\"props\">\n          <employee\n            alignment='horizontal'\n            :employee='props.record'\n            class=\"u-1\/1\"\n            :show-phone=\"true\"\n            :show-email=\"false\"\n          ><\/employee>\n        <\/template>\n      <\/record-explorer>\n    <\/div>\n  <\/div>\n\n<\/div>\n","protected":false},"excerpt":{"rendered":"<p>nouvelle version Burckhardt Nous avons une longue histoire derri\u00e8re nous. En nous d\u00e9veloppant constamment, nous sommes \u00e0 la hauteur de notre ambition de fa\u00e7onner l&#8217;avenir. Avec un nouveau nom et un nouveau design, nous envoyons d\u00e9sormais un signal fort. Notre nouveau nom Simple, clair, concis Le nom de Burckhardt renvoie \u00e0 l\u2019origine de notre entreprise. &hellip;<\/p>\n","protected":false},"author":1,"featured_media":0,"parent":0,"menu_order":0,"comment_status":"closed","ping_status":"closed","template":"","meta":{"_acf_changed":false,"footnotes":""},"class_list":["post-5061","page","type-page","status-publish","hentry"],"acf":[],"_links":{"self":[{"href":"https:\/\/burckhardt.swiss\/fr\/wp-json\/wp\/v2\/pages\/5061","targetHints":{"allow":["GET"]}}],"collection":[{"href":"https:\/\/burckhardt.swiss\/fr\/wp-json\/wp\/v2\/pages"}],"about":[{"href":"https:\/\/burckhardt.swiss\/fr\/wp-json\/wp\/v2\/types\/page"}],"author":[{"embeddable":true,"href":"https:\/\/burckhardt.swiss\/fr\/wp-json\/wp\/v2\/users\/1"}],"replies":[{"embeddable":true,"href":"https:\/\/burckhardt.swiss\/fr\/wp-json\/wp\/v2\/comments?post=5061"}],"version-history":[{"count":9,"href":"https:\/\/burckhardt.swiss\/fr\/wp-json\/wp\/v2\/pages\/5061\/revisions"}],"predecessor-version":[{"id":11202,"href":"https:\/\/burckhardt.swiss\/fr\/wp-json\/wp\/v2\/pages\/5061\/revisions\/11202"}],"wp:attachment":[{"href":"https:\/\/burckhardt.swiss\/fr\/wp-json\/wp\/v2\/media?parent=5061"}],"curies":[{"name":"wp","href":"https:\/\/api.w.org\/{rel}","templated":true}]}}

<div class="wp-block-group alignfull has-secondary-background-color has-background is-layout-constrained wp-container-core-group-is-layout-1 wp-block-group-is-layout-constrained">
<h1 class="has-text-align-center has-giant-font-size wp-block-heading">nouvelle version <br/>Burckhardt</h1>



<p class="has-big-font-size">Nous avons une longue histoire derrière nous. En nous développant constamment, nous sommes à la hauteur de notre ambition de façonner l&#8217;avenir. Avec un nouveau nom et un nouveau design, nous envoyons désormais un signal fort.   </p>
</div>

<div class="wp-block-group is-layout-constrained wp-block-group-is-layout-constrained">
<h2 class="has-text-align-center wp-block-heading">Notre nouveau nom</h2>



<h3 class="is-style-separator has-huge-font-size wp-block-heading">Simple, clair, concis</h3>



<div class="wp-block-columns is-layout-flex wp-container-core-columns-is-layout-1 wp-block-columns-is-layout-flex">
<div class="wp-block-column is-layout-flow wp-block-column-is-layout-flow">
<p>Le nom de Burckhardt renvoie à l’origine de notre entreprise. L’histoire de cette famille remonte  <br/>au XVe siècle. En 1951, nous avons fondé notre bureau d’architecture sous le nom de Burckhardt Architekten SIA. Le changement de dénomination en Burckhardt+Partner suivra en 1973. Exactement 50 ans plus tard, nous prenons la décision de nous appeler désormais Burckhardt.    </p>
</div>



<div class="wp-block-column is-layout-flow wp-block-column-is-layout-flow">
<p>Notre nouveau nom est pleinement axé sur Burckhardt. Avec seulement deux syllabes, il est court et concis, son orthographe avec ck et dt le rend très particulier. Avec cette simplicité et cette spécificité, nous portons l’esprit de notre entreprise vers l’avenir et continuons d’écrire notre histoire riche en traditions.    </p>
</div>
</div>



<p></p>



<p></p>
</div>

<div class="wp-block-group alignfull has-secondary-background-color has-background is-layout-constrained wp-block-group-is-layout-constrained">
<h2 class="has-text-align-center wp-block-heading">Notre nouveau logo</h2>



<div class="wp-block-columns are-vertically-aligned-center is-layout-flex wp-container-core-columns-is-layout-2 wp-block-columns-is-layout-flex">
<div class="wp-block-column is-vertically-aligned-center is-layout-flow wp-block-column-is-layout-flow">
<figure class="wp-block-image size-full"><img loading="lazy" decoding="async" width="490" height="91" src="https://burckhardt.swiss/app/uploads/2023/01/BP_colour_rgb-horizontal-1.png" alt="" class="wp-image-752" srcset="https://burckhardt.swiss/app/uploads/2023/01/BP_colour_rgb-horizontal-1.png 490w, https://burckhardt.swiss/app/uploads/2023/01/BP_colour_rgb-horizontal-1-300x56.png 300w" sizes="auto, (max-width: 490px) 100vw, 490px" /></figure>
</div>



<div class="wp-block-column is-vertically-aligned-center is-layout-flow wp-block-column-is-layout-flow" style="flex-basis:100px">
<figure class="wp-block-image aligncenter size-full"><img decoding="async" src="https://burckhardt.swiss/app/uploads/2023/01/&#x2192;.png" alt="" class="wp-image-756"/></figure>
</div>



<div class="wp-block-column is-vertically-aligned-center is-layout-flow wp-block-column-is-layout-flow">
<figure class="wp-block-image aligncenter size-full"><img loading="lazy" decoding="async" width="258" height="166" src="https://burckhardt.swiss/app/uploads/2023/01/Logo.png" alt="" class="wp-image-759"/></figure>
</div>
</div>



<p>Nous proposons une certaine orientation, c’est le sens même de notre prestation. En tant qu’architectes, nous aimons réduire à l’essentiel. C’est aussi dans cet esprit que nous avons adapté notre identité visuelle. Notre nouveau logo inscrit notre nom de façon claire et concise, comme un tampon au milieu d’une feuille.     </p>
</div>

<div class="wp-block-group is-layout-constrained wp-block-group-is-layout-constrained">
<h2 class="has-text-align-center wp-block-heading" style="font-weight:100">L’identité visuelle</h2>



<figure class="wp-block-image alignwide size-large"><img loading="lazy" decoding="async" width="1024" height="652" src="https://burckhardt.swiss/app/uploads/2023/01/Burckhardt_Corporate-Design_Elements-min-1024x652.jpg" alt="" class="wp-image-1621" srcset="https://burckhardt.swiss/app/uploads/2023/01/Burckhardt_Corporate-Design_Elements-min-1024x652.jpg 1024w, https://burckhardt.swiss/app/uploads/2023/01/Burckhardt_Corporate-Design_Elements-min-300x191.jpg 300w, https://burckhardt.swiss/app/uploads/2023/01/Burckhardt_Corporate-Design_Elements-min-600x382.jpg 600w, https://burckhardt.swiss/app/uploads/2023/01/Burckhardt_Corporate-Design_Elements-min-500x318.jpg 500w, https://burckhardt.swiss/app/uploads/2023/01/Burckhardt_Corporate-Design_Elements-min-1000x636.jpg 1000w, https://burckhardt.swiss/app/uploads/2023/01/Burckhardt_Corporate-Design_Elements-min-700x445.jpg 700w, https://burckhardt.swiss/app/uploads/2023/01/Burckhardt_Corporate-Design_Elements-min-1400x891.jpg 1400w, https://burckhardt.swiss/app/uploads/2023/01/Burckhardt_Corporate-Design_Elements-min.jpg 1600w" sizes="auto, (max-width: 1024px) 100vw, 1024px" /></figure>
</div>

<div class="wp-block-group alignfull has-secondary-background-color has-background is-layout-constrained wp-container-core-group-is-layout-6 wp-block-group-is-layout-constrained">
<h2 class="is-style-separator has-huge-font-size wp-block-heading">Trois questions sur la nouvelle marque</h2>



<figure class="wp-block-gallery aligncenter has-nested-images columns-default wp-block-gallery-1 is-layout-flex wp-block-gallery-is-layout-flex">
<figure class="wp-block-image size-large"><img loading="lazy" decoding="async" width="2403" height="1352" src="https://burckhardt.swiss/app/uploads/2023/01/MG_6900-edited.jpg" alt="" class="wp-image-1618" srcset="https://burckhardt.swiss/app/uploads/2023/01/MG_6900-edited.jpg 2403w, https://burckhardt.swiss/app/uploads/2023/01/MG_6900-edited-300x169.jpg 300w, https://burckhardt.swiss/app/uploads/2023/01/MG_6900-edited-1024x576.jpg 1024w, https://burckhardt.swiss/app/uploads/2023/01/MG_6900-edited-600x338.jpg 600w, https://burckhardt.swiss/app/uploads/2023/01/MG_6900-edited-1200x675.jpg 1200w, https://burckhardt.swiss/app/uploads/2023/01/MG_6900-edited-500x281.jpg 500w, https://burckhardt.swiss/app/uploads/2023/01/MG_6900-edited-1000x563.jpg 1000w, https://burckhardt.swiss/app/uploads/2023/01/MG_6900-edited-700x394.jpg 700w, https://burckhardt.swiss/app/uploads/2023/01/MG_6900-edited-1400x788.jpg 1400w, https://burckhardt.swiss/app/uploads/2023/01/MG_6900-edited-2000x1125.jpg 2000w" sizes="auto, (max-width: 2403px) 100vw, 2403px" /></figure>
</figure>



<div class="wp-block-group is-layout-constrained wp-container-core-group-is-layout-5 wp-block-group-is-layout-constrained">
<p>Un rebranding qui permet de s’interroger sur les grandes questions d’avenir. Wolfgang Hardt et Samuel Schultze, co-CEO de Burckhardt, se les sont posées.</p>



<h3 class="wp-block-heading" style="font-weight:100">Nouveau nom, nouveau design: qu’est-ce que cela vous fait??</h3>



<p>Ce que le nouveau nom a de bien, c’est qu’il désigne désormais toutes nos entreprises. Mais de façon plus simple, plus claire et plus concise. Il en va de même pour le nouveau design: le nom est devenu un signe fort, plein d’assurance et de caractère, frappant. Ces deux éléments, le nouveau nom et le nouveau design, nous rapprochent au sein du groupe et y renforcent l’idée que nous formons une même équipe. Nous adorons! </p>



<h3 class="has-monospace-font-family has-big-font-size wp-block-heading" style="font-weight:100">Quels sont aujourd’hui les plus grands défis dans le monde de l’architecture et de la construction?</h3>



<p>La durabilité! Construire selon ce principe exige une utilisation ciblée et rigoureuse des ressources disponibles. L’utilisation d’énergie doit être entièrement repensée en vue de sa réduction. Une architecture durable signifie qu’un bâtiment remplira sa fonction sur plusieurs générations et pourra être adapté aux exigences futures. Une tâche immense qui exige beaucoup de nous dans tous les domaines.</p>



<h3 class="wp-block-heading" style="font-weight:100">Comment évolue Burckhardt pour s’adapter à ce nouveau monde?</h3>



<p>Pour aborder le thème hautement complexe de la durabilité dans la construction, il faut que tous les membres de l’équipe soient vifs, curieux et ouverts au changement. Nous ne nous considérons pas seulement comme une entité forte de plus de 70 ans d’histoire, mais comme une entreprise qui évolue en permanence. Nous voyons la numérisation comme une opportunité et sommes toujours prêts pour l’avenir. Selon notre vision, chaque construction est utile à la société et renforce la cohésion sociale. Nous ne pouvons y parvenir qu’en prenant l’enjeu de la durabilité très au sérieux. Et c’est ce que nous faisons.</p>



<h3 class="wp-block-heading" style="font-weight:100"></h3>
</div>
</div>

<div class="wp-block-group is-layout-constrained wp-block-group-is-layout-constrained"><div
  id="block_3f0604c3d98247d29cc4ac68c1ec0ac9"
  data-block_3f0604c3d98247d29cc4ac68c1ec0ac9
  class="o-flex o-flex--wrap c-block-contacts contacts align"
>
            <div class="o-flex__item u-1/2@tablet c-block-contacts__text">
        <div>
          <h3>Contactez nous!</h3>
          <a
            role="button"
            href="mailto:stephanie.koehler@burckhardt.swiss"
          >
            Prenez contact
          </a>
        </div>
      </div>
    
    <div class="o-flex__item u-1/2@tablet">
      <record-explorer
        endpoint='employees'
        fields='title,acf,link,type,id,_links,_embedded'
        :include='[163]'
        :labels='{"name":"collaboratrices et collaborateurs","singular_name":"Employee","add_new":"Add New","add_new_item":"Add New Employee","edit_item":"Edit Employee","new_item":"New Employee","view_item":"View Employee","view_items":"View Employees","search_items":"Search Employees","not_found":"No employees found.","not_found_in_trash":"No employees found in trash.","parent_item_colon":"Parent Employee:","all_items":"All Employees","archives":"Employee Archives","attributes":"Employee Attributes","insert_into_item":"Insert into employee","uploaded_to_this_item":"Uploaded to this employee","featured_image":"Featured image","set_featured_image":"Set featured image","remove_featured_image":"Remove featured image","use_featured_image":"Use as featured image","filter_items_list":"Filter employees list","filter_by_date":"Filter by date","items_list_navigation":"Employees list navigation","items_list":"Employees list","item_published":"Employee published.","item_published_privately":"Employee published privately.","item_reverted_to_draft":"Employee reverted to draft.","item_trashed":"Post trashed.","item_scheduled":"Employee scheduled.","item_updated":"Employee updated.","item_link":"Post Link","item_link_description":"A link to a post.","menu_name":"collaboratrices et collaborateurs","name_admin_bar":"Employee","template_name":"Single item: Employee"}'
        :show-filters='false'
      >
        <template #record="props">
          <employee
            alignment='horizontal'
            :employee='props.record'
            class="u-1/1"
            :show-phone="true"
            :show-email="false"
          ></employee>
        </template>
      </record-explorer>
    </div>
  </div>

</div>

<p>nouvelle version Burckhardt Nous avons une longue histoire derrière nous. En nous développant constamment, nous sommes à la hauteur de notre ambition de façonner l&#8217;avenir. Avec un nouveau nom et un nouveau design, nous envoyons désormais un signal fort. Notre nouveau nom Simple, clair, concis Le nom de Burckhardt renvoie à l’origine de notre entreprise. &hellip;</p>
